l + 37. Suppose -s - 2*x - 32 = 3*s, -4*s + 5*x = 46. Is q(s) composite?
False
Let l = 208 + -208. Suppose l = 4*j + 4*a - 2600, -5*a + 2277 = 3*j + 333. Is j composite?
False
Let z(x) = -x**3 - x**2 - 1. Let v(b) = -3*b**3 - 11*b**2 + 26*b - 22. Let o(n) = -v(n) - 3*z(n). Is o(8) prime?
False
Let g(y) = -250*y**2 - 3*y + 16. Let u be g(-5). Let k be 1 + -4 + (4 - u). Suppose -48*o + 44*o = -k. Is o composite?
True
Let s(i) = i**2 + i. Let l(o) = -o**3 - 2*o**2 - 5*o - 2. Let h(t) = l(t) + 5*s(t). Let b be h(2). Is 39 + b/(-4 - -3) a prime number?
True
Is (-3)/(1/(1002762/(-27) + 15/(-5))) composite?
False
Let c = 71864 - -159377. Is c a prime number?
True
Let l = -258 + 227. Let m(n) = -100*n - 161. Is m(l) composite?
False
Suppose f + 46 - 43 = 0. Is 1 + 108/f*938/(-3) a prime number?
True
Suppose -4*d = -6*d + 10. Suppose 2*p = -2*l + 2036, 0*p + d*p = 5*l - 5070. Suppose -5*s + 299 = -l. Is s composite?
False
Is ((-6)/(-4) + -1)*(-91112)/(-14)*1 composite?
True
Suppose -2*o + 8 = 4*s, o + 10 = 5*s - 0. Suppose -4*b + s*f = -9258, b - 3*f - 1387 = 915. Is b a composite number?
True
Let l(z) = z**3 - 12*z**2 - 34*z + 64. Let a be l(14). Is (-1 + (-10825)/a)*4 a prime number?
True
Let d = 180 + -83. Let o = d + 448. Is o composite?
True
Suppose -3*c + 0*c = -a + 14, -3*c = -3*a + 18. Let h be (8/10)/c + (-63)/(-15). Suppose -10 - h = -2*o. Is o composite?
False
Is (((-44214)/9)/(5/3))/(2/(-10)) a prime number?
False
Suppose 2*t - 76 = -50. Let b(j) = -j**3 + 15*j**2 - j - 18. Is b(t) a prime number?
True
Suppose 186596 = 2*w - 106*o + 108*o, -4*w + 373273 = -5*o. Is w prime?
True
Is (-493035)/40*144/(-54) a prime number?
True
Suppose 12 = -4*x, -z + 4*x = -x - 22. Suppose -5*t - 3*v + 88621 = 0, -z*v = -4*t - 2*v + 70882. Is t prime?
False
Let b = 28 - 24. Suppose 6 + 4 = 2*p - 3*k, 0 = 3*k. Suppose 544 = -y + 2*y + 5*i, b*i = -p*y + 2657. Is y composite?
True
Suppose 0 = -13*h - 12 + 12. Suppose h*r + 1910 = 5*r. Suppose y - r = -5*u, 3*u + 1471 = 4*y + 4*u. Is y a composite number?
False
Let y be ((-2)/1)/(13*(-24)/(-583908)). Let j = 7536 + y. Is j composite?
False
Let w(n) = -84*n**3 - 5*n**2 - n + 19. Let f be w(-3). Suppose 10*v = -2*o + 7*v + 1496, 3*o + 4*v - f = 0. Is o prime?
True
Let z be 505*(-3 - -4)*1. Let r = -188 - -193. Suppose 0 = r*x - 2730 + z. Is x a composite number?
True
Let p(o) = 4*o**2 - 11*o - 46. Let f be p(-9). Suppose 4*z + 5*d - 25 = 0, z - 1 = d - 6. Suppose 0*k - k + f = z. Is k prime?
False
Let x(b) = 220388*b + 12813. Is x(5) composite?
False
Let c(d) = 19*d**2 - 18. Let k be c(-6). Let u = 2537 + k. Is u a composite number?
False
Let f = 45 + -39. Suppose -2*q - q = -f*q. Suppose -3*a = q, -2*c - a = c - 2334. Is c a composite number?
True
Suppose -p - 12 = -2*x - 0*p, 4*x - 36 = -p. Let w be (x/(-3))/((-6)/990). Suppose 4*d = 3*v + w, -4*v - 246 = -2*d - 9*v. Is d prime?
True
Let q be 4/(3 + 249410/(-83138)). Suppose 3*r + 48026 + 35122 = 2*u, -2*u - 2*r = -q. Suppose -i = -2*f + f - 8311, f + u = 5*i. Is i a prime number?
False
Is 451/41 + (0 - -95)*90 a prime number?
False
Suppose -8*g - 4*j + 295116 = 0, -5*g + 163385 = 4*j - 21064. Is g composite?
True
Let q(n) = -100857*n - 2741. Is q(-4) prime?
False
Let o(s) = 14*s**3 - 34*s**2 + 62*s + 7. Is o(26) a prime number?
True
Let l(s) = 135*s - 61. Let r(c) = 269*c - 122. Let t(w) = 5*l(w) - 2*r(w). Let a be t(10). Let v = -908 + a. Is v a composite number?
False
Let d = 19 + -14. Suppose -16 = -d*z + 4. Suppose -2*g = 3*w - 1467, -z*w = -3*g - 2*g - 1933. Is w composite?
False
Let a(g) = 24*g - 7. Let t = -107 - -167. Let v = -46 + t. Is a(v) a composite number?
True
Let i(l) = -l**3 + 12*l**2 - 37*l - 13. Let y(z) = -z**3 + 12*z**2 - 35*z - 12. Let f(a) = 5*i(a) - 6*y(a). Is f(12) a prime number?
True
Let w = 157097 + 50532. Is w composite?
False
Is (-84)/(-154) - (-26530730)/110 prime?
False
Suppose 2*x - 5*k - 95040 = 7178, -2*x + 102218 = -2*k. Is x a composite number?
False
Is ((-12)/2 - 15/((-300)/130))*495046 a prime number?
False
Suppose -4*z - 168743 = -5*k, -z - 33717 = -k + 31. Is k composite?
False
Let x(t) = 4*t + 13. Let p be x(15). Let a = p + -70. Suppose 5*o - o = a*c - 7609, -10158 = -4*c - o. Is c prime?
True
Is (-10)/16 + (-672143643)/(-2232) prime?
False
Let o = 59 - 129. Let f = o - -73. Is (f*-78 - 1)*-1 prime?
False
Let v(y) = -3*y**3 - 44*y**2 + 29*y - 15. Let t = 240 + -259. Is v(t) composite?
False
Let k be -3*2/4 + (-17918)/4. Let i = 9709 + k. Is (-4)/12 - i/(-6)*1 composite?
True
Let w = -147584 - -373263. Is w a prime number?
False
Suppose 14*w - 8*w - 23202 = 0. Let n = w + -1544. Is n a prime number?
False
Let h(r) be the first derivative of 5 + 10*r - 7*r**2 - 1/3*r**3. Is h(-7) composite?
False
Suppose -7*z = -13*z + 24552. Suppose 12*t = 11*t + z. Suppose -927 + t = 3*a. Is a a composite number?
True
Suppose 5*b - 25*a = -24*a + 7553, -b + 3*a + 1505 = 0. Is b composite?
False
Let x = -36 + 12. Let j = 29 + x. Suppose -j*z - 4*o + 140 = -1707, 0 = -4*z + 4*o + 1492. Is z composite?
True
Let j(k) = k**3 - 7*k**2 - 10*k + 8. Let i be j(8). Is (-4)/12 + (540672/(-9))/i prime?
False
Let u = 63475 + -40248. Suppose 86113 = 6*p + u. Is p a composite number?
True
Let n(j) = 132*j**2 - 124*j - 22. Is n(7) composite?
True
Is 215976/(-72)*(-603)/3 composite?
True
Let f(w) = -15851*w - 1130. Is f(-9) a composite number?
False
Let j be (-1)/(-3) + 4/6. Suppose -17*n = -28*n + 13*n. Is (7 + n)*-1*-53*j a prime number?
False
Let m be 3*((-86)/(-6) + -7). Suppose m*t - 29095 = 35959. Is t a prime number?
True
Is 30490 + 48/6 + (-5 - 2) a prime number?
True
Let f(t) = -t**3 + 6*t**2 + 27*t. Let g be f(9). Is (562 + g)*245/70 composite?
True
Suppose 2*b + 3*h = -21 - 2, 0 = -5*b + 2*h - 48. Let d(q) = 115*q + 5. Let v(n) = -2*n. Let t(g) = -d(g) + 10*v(g). Is t(b) a composite number?
True
Let i(t) = -4*t**3 - 104*t**2 - 27*t + 22. Is i(-39) a prime number?
True
Suppose 2*a = -3*a - 5*u + 11098135, -5*a = -5*u - 11098075. Is a prime?
True
Let r(v) = 5*v**2 - 28*v + 57. Let y(u) = -5*u**2 + 27*u - 57. Let w(o) = 6*r(o) + 7*y(o). Let z be w(-20). Is 6/(-12) - 4/(8/z) composite?
True
Is (-1)/3 - (-584911892)/474 composite?
True
Suppose -2*n + 2791471 = 3*q, -5*n = -2*q + 3145946 - 1284959. Is q prime?
True
Let g(j) be the second derivative of 1/3*j**3 + 0 + 97/12*j**4 - 3/2*j**2 + 30*j. Is g(2) prime?
True
Suppose 0 = b - m - 137536, m = -6*b + 5*b + 137538. Is b a composite number?
False
Suppose 3*f + 36 = 5*h, 0 = -2*h - 0*f - 3*f + 6. Let t be h/2*(-1672)/(-12). Suppose n = -n + t. Is n a prime number?
False
Let f be -6*5/(-2) + (1 - 1). Let c be (64/10)/(3/f). Let q = c + 7. Is q prime?
False
Let w(j) = -986*j + 119. Is w(-48) a composite number?
True
Suppose 8*y - 8214 = 2*v, 3*v = -v + 4. Suppose 0 = 3*n + l + 2032 + 47, 0 = -3*n - 2*l - 2082. Let x = n + y. Is x composite?
True
Let r(s) = 116*s + 34*s - 53*s + 1 + 328*s + 68*s. Suppose 3*i - 6*i + 18 = 0. Is r(i) a prime number?
False
Suppose 0 = s + 2*x - 15, -4*s + s + 5*x = -1. Suppose 3*q - 3*k - 23700 = 0, -s*q + 12*q + 4*k - 39509 = 0. Is q a composite number?
False
Suppose -10*o + 11*o - 10 = 0. Let d(t) = -35*t - 15 - 21*t + o. Is d(-11) a prime number?
False
Suppose c + 8 = y, -7*y + 4*y + 22 = -4*c. Is ((-60)/(-48) - 5993/(-4))*y composite?
True
Let a be (-4)/(-16) + (3 - 201102/(-8)). Suppose 16624 + a = 5*j. Is j a composite number?
False
Let m be (-2)/13 + (-1080360)/(-390). Suppose -5*y + h = -m, y - 685 = -2*h - 131. Is y a prime number?
False
Is 4/(-116) - (-789543216)/1798 prime?
True
Suppose 3420953 = 24*v - 2983922 + 2473843. Is v a prime number?
False
Let b = -178 + 180. Suppose -61730 = b*h - 12*h. Is h a composite number?
False
Let f(a) = 118*a**3 + 6*a**2 - 150*a + 23. Is f(11) a prime number?
True
Suppose -2*z + 14 = 10. Suppose -15 = 5*a, -4*n - 9891 = -7*n + z*a. Is n a composite number?
True
Let x = 44 + -31. Suppose -7175 = -3*f - y, -4*f - x*y = -11*y - 9564. Is f composite?
False
Suppose 0 = -5*i + 35, -4*r - i + 44516 = 4481. Is r a prime number?
True
Let o(s) = 7*s**3 - 82*s**2 + 97*s + 61. Is o(32) a composite number?
False
Suppose w = r + 75009, 299991 = 4*w + r + 4*r. Suppose 12*p - 94424 = w. Is p a composite number?
True
Suppose 3*i = 7*i - 4